{"id":2,"date":"2021-09-15T22:14:39","date_gmt":"2021-09-15T20:14:39","guid":{"rendered":"https:\/\/www.artpixel.fr\/studio\/?page_id=2"},"modified":"2025-08-05T13:21:11","modified_gmt":"2025-08-05T11:21:11","slug":"page-d-exemple","status":"publish","type":"page","link":"https:\/\/www.artpixel.fr\/studio\/","title":{"rendered":"accueil"},"content":{"rendered":"\n[et_pb_section fb_built=\u00a0\u00bb1&Prime; _builder_version=\u00a0\u00bb4.16&Prime; _module_preset=\u00a0\u00bbdefault\u00a0\u00bb background_enable_image=\u00a0\u00bboff\u00a0\u00bb background_size=\u00a0\u00bbinitial\u00a0\u00bb background_position=\u00a0\u00bbbottom_left\u00a0\u00bb max_width=\u00a0\u00bb85%\u00a0\u00bb global_colors_info=\u00a0\u00bb{}\u00a0\u00bb][et_pb_row column_structure=\u00a0\u00bb1_2,1_2&Prime; _builder_version=\u00a0\u00bb4.16&Prime; _module_preset=\u00a0\u00bbdefault\u00a0\u00bb custom_padding=\u00a0\u00bb||4px|||\u00a0\u00bb global_colors_info=\u00a0\u00bb{}\u00a0\u00bb][et_pb_column type=\u00a0\u00bb1_2&Prime; _builder_version=\u00a0\u00bb4.16&Prime; _module_preset=\u00a0\u00bbdefault\u00a0\u00bb global_colors_info=\u00a0\u00bb{}\u00a0\u00bb][et_pb_text _builder_version=\u00a0\u00bb4.27.4&Prime; _module_preset=\u00a0\u00bbdefault\u00a0\u00bb text_font=\u00a0\u00bbRaleway|300|||||||\u00a0\u00bb text_text_color=\u00a0\u00bb#7a94a3&Prime; text_font_size=\u00a0\u00bb21px\u00a0\u00bb text_line_height=\u00a0\u00bb1em\u00a0\u00bb min_height=\u00a0\u00bb82px\u00a0\u00bb custom_margin=\u00a0\u00bb||-18px|||\u00a0\u00bb custom_padding=\u00a0\u00bb||0px|||\u00a0\u00bb global_colors_info=\u00a0\u00bb{}\u00a0\u00bb]<p style=\"text-align: right;\">Je suis graphiste de formation.<br \/>Je me suis sp\u00e9cialis\u00e9 dans la cr\u00e9ation num\u00e9rique avec un large spectre de comp\u00e9tences, allant du graphisme au d\u00e9veloppement multim\u00e9dia.<br \/>Voici mon portfolio, bonne visite<\/p>\n<p style=\"text-align: right;\">S\u00e9bastien Job<\/p>[\/et_pb_text][\/et_pb_column][et_pb_column type=\u00a0\u00bb1_2&Prime; _builder_version=\u00a0\u00bb4.16&Prime; _module_preset=\u00a0\u00bbdefault\u00a0\u00bb global_colors_info=\u00a0\u00bb{}\u00a0\u00bb][\/et_pb_column][\/et_pb_row][et_pb_row column_structure=\u00a0\u00bb1_2,1_2&Prime; _builder_version=\u00a0\u00bb4.16&Prime; _module_preset=\u00a0\u00bbdefault\u00a0\u00bb custom_margin=\u00a0\u00bb-50px|auto|-7px|auto|false|false\u00a0\u00bb custom_padding=\u00a0\u00bb0px||0px|||\u00a0\u00bb global_colors_info=\u00a0\u00bb{}\u00a0\u00bb][et_pb_column type=\u00a0\u00bb1_2&Prime; _builder_version=\u00a0\u00bb4.16&Prime; _module_preset=\u00a0\u00bbdefault\u00a0\u00bb global_colors_info=\u00a0\u00bb{}\u00a0\u00bb][\/et_pb_column][et_pb_column type=\u00a0\u00bb1_2&Prime; _builder_version=\u00a0\u00bb4.16&Prime; _module_preset=\u00a0\u00bbdefault\u00a0\u00bb global_colors_info=\u00a0\u00bb{}\u00a0\u00bb][et_pb_text _builder_version=\u00a0\u00bb4.16&Prime; _module_preset=\u00a0\u00bbdefault\u00a0\u00bb text_font=\u00a0\u00bbRaleway|300|||||||\u00a0\u00bb text_text_color=\u00a0\u00bb#686868&Prime; text_font_size=\u00a0\u00bb26px\u00a0\u00bb text_line_height=\u00a0\u00bb1em\u00a0\u00bb min_height=\u00a0\u00bb10px\u00a0\u00bb custom_margin=\u00a0\u00bb||6px|||\u00a0\u00bb custom_padding=\u00a0\u00bb||0px|||\u00a0\u00bb global_colors_info=\u00a0\u00bb{}\u00a0\u00bb]<p style=\"text-align: left;\">R\u00e9f\u00e9rences :<\/p>[\/et_pb_text][et_pb_text _builder_version=\u00a0\u00bb4.16&Prime; _module_preset=\u00a0\u00bbdefault\u00a0\u00bb text_font=\u00a0\u00bbRaleway|700|||||||\u00a0\u00bb text_text_color=\u00a0\u00bb#7a94a3&Prime; text_font_size=\u00a0\u00bb21px\u00a0\u00bb text_line_height=\u00a0\u00bb1em\u00a0\u00bb custom_margin=\u00a0\u00bb||5px|||\u00a0\u00bb global_colors_info=\u00a0\u00bb{}\u00a0\u00bb]<p style=\"text-align: left;\">MONUMENTS DE FRANCE | AXA | RENAULT | PUBLICIS | PIERRE FABRE | REGION OCCITANIE | DANONE | KENZO | ESSILOR | SFR<\/p>[\/et_pb_text][et_pb_text _builder_version=\u00a0\u00bb4.16&Prime; _module_preset=\u00a0\u00bbdefault\u00a0\u00bb text_font=\u00a0\u00bbRaleway|300|||||||\u00a0\u00bb text_text_color=\u00a0\u00bb#7a94a3&Prime; text_font_size=\u00a0\u00bb21px\u00a0\u00bb text_line_height=\u00a0\u00bb1em\u00a0\u00bb global_colors_info=\u00a0\u00bb{}\u00a0\u00bb]<p style=\"text-align: left;\">SWELLPIX | BIOTRIBUNE | TEKILA | ADEME | MEDHERMES | GENESYSTEMS | ACCESS-DEV | KRISTAL AERONAUTIQUE | HEOS PACIFIC | VIDEMO\u00a0<\/p>[\/et_pb_text][et_pb_code _builder_version=\u00a0\u00bb4.24.0&Prime; _module_preset=\u00a0\u00bbdefault\u00a0\u00bb global_colors_info=\u00a0\u00bb{}\u00a0\u00bb]<video  autoplay muted loop width=\"600\" controls=\"controls\"><!-- [et_pb_line_break_holder] -->    <source src=\"https:\/\/www.artpixel.fr\/studio\/wp-content\/uploads\/2021\/09\/Demoreel-Artpixel-accueil.mp4\"<!-- [et_pb_line_break_holder] -->            type=\u00a0\u00bbvideo\/mp4&Prime;><!-- [et_pb_line_break_holder] --><\/video>[\/et_pb_code][\/et_pb_column][\/et_pb_row][et_pb_row column_structure=\u00a0\u00bb1_2,1_2&Prime; _builder_version=\u00a0\u00bb4.16&Prime; _module_preset=\u00a0\u00bbdefault\u00a0\u00bb background_image=\u00a0\u00bbhttps:\/\/www.artpixel.fr\/studio\/wp-content\/uploads\/2021\/09\/wavGGindex.png\u00a0\u00bb background_size=\u00a0\u00bbinitial\u00a0\u00bb background_position=\u00a0\u00bbcenter_right\u00a0\u00bb max_width=\u00a0\u00bb893px\u00a0\u00bb height=\u00a0\u00bb538px\u00a0\u00bb custom_margin=\u00a0\u00bb-210px|50%||-1px|false|false\u00a0\u00bb custom_padding=\u00a0\u00bb0px|||0px|false|false\u00a0\u00bb global_colors_info=\u00a0\u00bb{}\u00a0\u00bb][et_pb_column type=\u00a0\u00bb1_2&Prime; _builder_version=\u00a0\u00bb4.16&Prime; _module_preset=\u00a0\u00bbdefault\u00a0\u00bb global_colors_info=\u00a0\u00bb{}\u00a0\u00bb][\/et_pb_column][et_pb_column type=\u00a0\u00bb1_2&Prime; _builder_version=\u00a0\u00bb4.16&Prime; _module_preset=\u00a0\u00bbdefault\u00a0\u00bb global_colors_info=\u00a0\u00bb{}\u00a0\u00bb][et_pb_video _builder_version=\u00a0\u00bb4.16&Prime; _module_preset=\u00a0\u00bbdefault\u00a0\u00bb background_enable_video_mp4=\u00a0\u00bboff\u00a0\u00bb z_index=\u00a0\u00bb2&Prime; width=\u00a0\u00bb92.2%\u00a0\u00bb custom_margin=\u00a0\u00bb15px|50px||175px|false|false\u00a0\u00bb custom_padding=\u00a0\u00bb0px|||0px||\u00a0\u00bb global_colors_info=\u00a0\u00bb{}\u00a0\u00bb][\/et_pb_video][\/et_pb_column][\/et_pb_row][\/et_pb_section]\n","protected":false},"excerpt":{"rendered":"<p>Je suis graphiste de formation.Je me suis sp\u00e9cialis\u00e9 dans la cr\u00e9ation num\u00e9rique avec un large spectre de comp\u00e9tences, allant du graphisme au d\u00e9veloppement multim\u00e9dia.Voici mon portfolio, bonne visite S\u00e9bastien JobR\u00e9f\u00e9rences :MONUMENTS DE FRANCE | AXA | RENAULT | PUBLICIS | PIERRE FABRE | REGION OCCITANIE | DANONE | KENZO | ESSILOR | SFRSWELLPIX | BIOTRIBUNE [&hellip;]<\/p>\n","protected":false},"author":1,"featured_media":0,"parent":0,"menu_order":0,"comment_status":"closed","ping_status":"open","template":"","meta":{"_et_pb_use_builder":"on","_et_pb_old_content":"<!-- wp:paragraph -->\n<p>Ceci est une page d\u2019exemple. C\u2019est diff\u00e9rent d\u2019un article de blog parce qu\u2019elle restera au m\u00eame endroit et appara\u00eetra dans la navigation de votre site (dans la plupart des th\u00e8mes). La plupart des gens commencent par une page \u00ab&nbsp;\u00c0 propos&nbsp;\u00bb qui les pr\u00e9sente aux personnes visitant du site. Cela pourrait ressembler \u00e0 quelque chose comme cela&nbsp;:<\/p>\n<!-- \/wp:paragraph -->\n\n<!-- wp:quote -->\n<blockquote class=\"wp-block-quote\"><p>Bonjour&nbsp;! Je suis un m\u00e9canicien qui aspire \u00e0 devenir acteur, et voici mon site. J\u2019habite \u00e0 Bordeaux, j\u2019ai un super chien baptis\u00e9 Russell, et j\u2019aime la vodka (ainsi qu\u2019\u00eatre surpris par la pluie soudaine lors de longues balades sur la plage au coucher du soleil).<\/p><\/blockquote>\n<!-- \/wp:quote -->\n\n<!-- wp:paragraph -->\n<p>\u2026ou quelque chose comme cela&nbsp;:<\/p>\n<!-- \/wp:paragraph -->\n\n<!-- wp:quote -->\n<blockquote class=\"wp-block-quote\"><p>La soci\u00e9t\u00e9 123 Machin Truc a \u00e9t\u00e9 cr\u00e9\u00e9e en 1971, et n\u2019a cess\u00e9 de proposer au public des machins-trucs de qualit\u00e9 depuis lors. Situ\u00e9e \u00e0 Saint-Remy-en-Bouzemont-Saint-Genest-et-Isson, 123 Machin Truc emploie 2 000 personnes, et fabrique toutes sortes de bidules supers pour la communaut\u00e9 bouzemontoise.<\/p><\/blockquote>\n<!-- \/wp:quote -->\n\n<!-- wp:paragraph -->\n<p>En tant que nouvel utilisateur ou utilisatrice de WordPress, vous devriez vous rendre sur <a href=\"https:\/\/www.artpixel.fr\/studio\/wp-admin\/\">votre tableau de bord<\/a> pour supprimer cette page et cr\u00e9er de nouvelles pages pour votre contenu. Amusez-vous bien&nbsp;!<\/p>\n<!-- \/wp:paragraph -->","_et_gb_content_width":"1080","footnotes":""},"class_list":["post-2","page","type-page","status-publish","hentry"],"yoast_head":"<!-- This site is optimized with the Yoast SEO plugin v26.6 - https:\/\/yoast.com\/wordpress\/plugins\/seo\/ -->\n<title>accueil - artpixel.fr<\/title>\n<meta name=\"robots\" content=\"index, follow, max-snippet:-1, max-image-preview:large, max-video-preview:-1\" \/>\n<link rel=\"canonical\" href=\"https:\/\/www.artpixel.fr\/studio\/\" \/>\n<meta property=\"og:locale\" content=\"fr_FR\" \/>\n<meta property=\"og:type\" content=\"article\" \/>\n<meta property=\"og:title\" content=\"accueil - artpixel.fr\" \/>\n<meta property=\"og:description\" content=\"Je suis graphiste de formation.Je me suis sp\u00e9cialis\u00e9 dans la cr\u00e9ation num\u00e9rique avec un large spectre de comp\u00e9tences, allant du graphisme au d\u00e9veloppement multim\u00e9dia.Voici mon portfolio, bonne visite S\u00e9bastien JobR\u00e9f\u00e9rences :MONUMENTS DE FRANCE | AXA | RENAULT | PUBLICIS | PIERRE FABRE | REGION OCCITANIE | DANONE | KENZO | ESSILOR | SFRSWELLPIX | BIOTRIBUNE [&hellip;]\" \/>\n<meta property=\"og:url\" content=\"https:\/\/www.artpixel.fr\/studio\/\" \/>\n<meta property=\"og:site_name\" content=\"artpixel.fr\" \/>\n<meta property=\"article:modified_time\" content=\"2025-08-05T11:21:11+00:00\" \/>\n<meta name=\"twitter:card\" content=\"summary_large_image\" \/>\n<meta name=\"twitter:label1\" content=\"Dur\u00e9e de lecture estim\u00e9e\" \/>\n\t<meta name=\"twitter:data1\" content=\"1 minute\" \/>\n<script type=\"application\/ld+json\" class=\"yoast-schema-graph\">{\"@context\":\"https:\/\/schema.org\",\"@graph\":[{\"@type\":\"WebPage\",\"@id\":\"https:\/\/www.artpixel.fr\/studio\/\",\"url\":\"https:\/\/www.artpixel.fr\/studio\/\",\"name\":\"accueil - artpixel.fr\",\"isPartOf\":{\"@id\":\"https:\/\/www.artpixel.fr\/studio\/#website\"},\"datePublished\":\"2021-09-15T20:14:39+00:00\",\"dateModified\":\"2025-08-05T11:21:11+00:00\",\"breadcrumb\":{\"@id\":\"https:\/\/www.artpixel.fr\/studio\/#breadcrumb\"},\"inLanguage\":\"fr-FR\",\"potentialAction\":[{\"@type\":\"ReadAction\",\"target\":[\"https:\/\/www.artpixel.fr\/studio\/\"]}]},{\"@type\":\"BreadcrumbList\",\"@id\":\"https:\/\/www.artpixel.fr\/studio\/#breadcrumb\",\"itemListElement\":[{\"@type\":\"ListItem\",\"position\":1,\"name\":\"Accueil\",\"item\":\"https:\/\/www.artpixel.fr\/studio\/\"},{\"@type\":\"ListItem\",\"position\":2,\"name\":\"accueil\"}]},{\"@type\":\"WebSite\",\"@id\":\"https:\/\/www.artpixel.fr\/studio\/#website\",\"url\":\"https:\/\/www.artpixel.fr\/studio\/\",\"name\":\"artpixel.fr\",\"description\":\"studio 3d | visites virtuelles | interactivite\",\"potentialAction\":[{\"@type\":\"SearchAction\",\"target\":{\"@type\":\"EntryPoint\",\"urlTemplate\":\"https:\/\/www.artpixel.fr\/studio\/?s={search_term_string}\"},\"query-input\":{\"@type\":\"PropertyValueSpecification\",\"valueRequired\":true,\"valueName\":\"search_term_string\"}}],\"inLanguage\":\"fr-FR\"}]}<\/script>\n<!-- \/ Yoast SEO plugin. -->","yoast_head_json":{"title":"accueil - artpixel.fr","robots":{"index":"index","follow":"follow","max-snippet":"max-snippet:-1","max-image-preview":"max-image-preview:large","max-video-preview":"max-video-preview:-1"},"canonical":"https:\/\/www.artpixel.fr\/studio\/","og_locale":"fr_FR","og_type":"article","og_title":"accueil - artpixel.fr","og_description":"Je suis graphiste de formation.Je me suis sp\u00e9cialis\u00e9 dans la cr\u00e9ation num\u00e9rique avec un large spectre de comp\u00e9tences, allant du graphisme au d\u00e9veloppement multim\u00e9dia.Voici mon portfolio, bonne visite S\u00e9bastien JobR\u00e9f\u00e9rences :MONUMENTS DE FRANCE | AXA | RENAULT | PUBLICIS | PIERRE FABRE | REGION OCCITANIE | DANONE | KENZO | ESSILOR | SFRSWELLPIX | BIOTRIBUNE [&hellip;]","og_url":"https:\/\/www.artpixel.fr\/studio\/","og_site_name":"artpixel.fr","article_modified_time":"2025-08-05T11:21:11+00:00","twitter_card":"summary_large_image","twitter_misc":{"Dur\u00e9e de lecture estim\u00e9e":"1 minute"},"schema":{"@context":"https:\/\/schema.org","@graph":[{"@type":"WebPage","@id":"https:\/\/www.artpixel.fr\/studio\/","url":"https:\/\/www.artpixel.fr\/studio\/","name":"accueil - artpixel.fr","isPartOf":{"@id":"https:\/\/www.artpixel.fr\/studio\/#website"},"datePublished":"2021-09-15T20:14:39+00:00","dateModified":"2025-08-05T11:21:11+00:00","breadcrumb":{"@id":"https:\/\/www.artpixel.fr\/studio\/#breadcrumb"},"inLanguage":"fr-FR","potentialAction":[{"@type":"ReadAction","target":["https:\/\/www.artpixel.fr\/studio\/"]}]},{"@type":"BreadcrumbList","@id":"https:\/\/www.artpixel.fr\/studio\/#breadcrumb","itemListElement":[{"@type":"ListItem","position":1,"name":"Accueil","item":"https:\/\/www.artpixel.fr\/studio\/"},{"@type":"ListItem","position":2,"name":"accueil"}]},{"@type":"WebSite","@id":"https:\/\/www.artpixel.fr\/studio\/#website","url":"https:\/\/www.artpixel.fr\/studio\/","name":"artpixel.fr","description":"studio 3d | visites virtuelles | interactivite","potentialAction":[{"@type":"SearchAction","target":{"@type":"EntryPoint","urlTemplate":"https:\/\/www.artpixel.fr\/studio\/?s={search_term_string}"},"query-input":{"@type":"PropertyValueSpecification","valueRequired":true,"valueName":"search_term_string"}}],"inLanguage":"fr-FR"}]}},"_links":{"self":[{"href":"https:\/\/www.artpixel.fr\/studio\/wp-json\/wp\/v2\/pages\/2","targetHints":{"allow":["GET"]}}],"collection":[{"href":"https:\/\/www.artpixel.fr\/studio\/wp-json\/wp\/v2\/pages"}],"about":[{"href":"https:\/\/www.artpixel.fr\/studio\/wp-json\/wp\/v2\/types\/page"}],"author":[{"embeddable":true,"href":"https:\/\/www.artpixel.fr\/studio\/wp-json\/wp\/v2\/users\/1"}],"replies":[{"embeddable":true,"href":"https:\/\/www.artpixel.fr\/studio\/wp-json\/wp\/v2\/comments?post=2"}],"version-history":[{"count":64,"href":"https:\/\/www.artpixel.fr\/studio\/wp-json\/wp\/v2\/pages\/2\/revisions"}],"predecessor-version":[{"id":345,"href":"https:\/\/www.artpixel.fr\/studio\/wp-json\/wp\/v2\/pages\/2\/revisions\/345"}],"wp:attachment":[{"href":"https:\/\/www.artpixel.fr\/studio\/wp-json\/wp\/v2\/media?parent=2"}],"curies":[{"name":"wp","href":"https:\/\/api.w.org\/{rel}","templated":true}]}}